(k) = -26*k**3 - k**2 - 11*k - 11. Give s(-1).
25
Let f(u) = 107*u + 1060. Calculate f(-10).
-10
Let b(p) = -58*p**3 + 28*p**2 + 30*p + 2. Determine b(-1).
58
Let o(v) = -62*v + 94. Calculate o(-4).
342
Let g(d) = -d**3 - 85*d**2 + 358*d + 173. What is g(-89)?
-5
Let p(t) = t**3 - 7*t**2 - 72*t - 22. Give p(13).
56
Let p(f) = f**3 - 6*f**2 - 26*f - 12. What is p(9)?
-3
Let d(l) = 144*l**2 - 20*l - 42. Give d(-2).
574
Let p(x) = 277*x + 2504. Determine p(-9).
11
Let w(r) = 77*r + 13. What is w(3)?
244
Let k(j) = 7402*j + 88813. Determine k(-12).
-11
Let p(s) = 2*s**2 - 89*s - 413. Determine p(49).
28
Let u(c) = -5*c**3 - 4*c**2 + 3*c - 25. Calculate u(4).
-397
Let y(h) = -83*h - 11. What is y(3)?
-260
Let u(s) = -18*s**3 + 506*s**2 - 56*s - 25. Determine u(28).
-25
Let m(g) = -g**2 + 10*g + 3. Calculate m(6).
27
Let m(y) = 2*y**2 - 537*y + 11295. Determine m(23).
2
Let q(l) = l**3 + 3*l**2 - 5*l - 19. Determine q(-5).
-44
Let v(x) = 7*x**3 + 118*x**2 + 97*x + 9. What is v(-16)?
-7
Let m(y) = -2*y**2 - 287*y - 1640. Give m(-6).
10
Let v(b) = 672*b - 1996. Give v(3).
20
Let t(b) = 87*b + 6996. Determine t(-81).
-51
Let r(m) = 247*m - 260. What is r(1)?
-13
Let h(v) = -61*v - 1736. What is h(-28)?
-28
Let d(m) = -m**3 + 2*m**2 + m - 5. Give d(-3).
37
Let q(t) = -t**2 + 235*t - 4296. What is q(215)?
4
Let g(c) = 1430*c + 165881. What is g(-116)?
1
Let z(v) = -v**2 - 18*v + 38. Calculate z(2).
-2
Let b(q) = 2*q**3 + 64*q**2 - 64*q + 73. Determine b(-33).
7
Let q(w) = 45*w - 376. Determine q(15).
299
Let l(a) = -381*a + 17903. Give l(47).
-4
Let o(f) = -7*f**3 + 12*f**2 - 2*f + 23. Calculate o(4).
-241
Let d(x) = 43*x - 1597. Give d(37).
-6
Let a(g) = -311*g + 10189. Calculate a(33).
-74
Let z(c) = c**3 - 43*c**2 - 6*c + 50. Give z(43).
-208
Let j(a) = -11*a**2 + 192*a - 79. Determine j(17).
6
Let i(x) = 5*x - 111. What is i(-9)?
-156
Let k(l) = -180*l - 1262. What is k(-7)?
-2
Let h(u) = -4*u - 81. Determine h(-35).
59
Let l(q) = 263*q + 1827. Determine l(-8).
-277
Let v(c) = -c**3 - c**2 - 69*c - 222. Determine v(-3).
3
Let n(a) = a + 36. What is n(6)?
42
Let a(h) = -h**2 + 8*h - 36. Give a(13).
-101
Let p(d) = -10*d - 34. Give p(-3).
-4
Let p(i) = i**3 - 41*i**2 - 171*i + 30. What is p(-4)?
-6
Let s(l) = l**2 - 654*l - 654. Calculate s(-1).
1
Let r(p) = -4318*p + 12957. What is r(3)?
3
Let i(y) = -21*y**2 - 157*y - 155. What is i(-1)?
-19
Let s(z) = -z**3 - 89*z**2 - 412*z + 36. What is s(-5)?
-4
Let i(u) = -1518*u - 3073. Determine i(-2).
-37
Let f(r) = 11817*r - 47247. What is f(4)?
21
Let v(p) = 38*p - 822. Give v(22).
14
Let k(n) = -7*n + 255. Determine k(28).
59
Let i(h) = -13*h - 164. Determine i(-13).
5
Let k(a) = -a**3 - 57*a**2 + 69*a + 466. Calculate k(-58).
-172
Let i(g) = 1672*g - 13370. Calculate i(8).
6
Let p(r) = -236*r - 4764. Calculate p(-20).
-44
Let v(a) = a**3 - 27*a**2 + 34*a - 211. Determine v(26).
-3
Let p(h) = 2*h**2 + 16*h - 16. Determine p(1).
2
Let d(y) = y**3 - 12*y**2 - 79*y + 949. Calculate d(12).
1
Let d(k) = -5*k**3 - 59*k**2 + 14*k + 11. Give d(-12).
-13
Let g(v) = -8*v**2 + 1026*v - 4104. Give g(4).
-128
Let l(m) = -m**2 + 14*m - 59. Calculate l(4).
-19
Let j(h) = 325*h + 3906. Determine j(-12).
6
Let j(x) = -112*x - 740. What is j(-7)?
44
Let h(t) = -514*t - 23628. Give h(-46).
16
Let g(a) = -90*a - 457. Calculate g(-5).
-7
Let h(t) = 39*t**2 + 1012*t - 17. Determine h(-26).
35
Let r(p) = -p**3 - 217*p**2 + 2273*p - 20. What is r(10)?
10
Let t(c) = -103*c**3 + 5*c**2 - c - 3. What is t(1)?
-102
Let j(x) = -x**3 - 9*x**2 + 7*x + 94. Determine j(-9).
31
Let w(s) = 73*s - 524. Calculate w(7).
-13
Let w(s) = s**3 + 22*s**2 + 100*s + 64. What is w(-16)?
0
Let r(w) = -w**2 + 58*w - 704. Calculate r(36).
88
Let l(x) = -x**3 - 29*x**2 - 99*x. Determine l(-25).
-25
Let r(o) = 12*o**3 - 63*o**2 + 11*o + 17. What is r(5)?
-3
Let j(m) = 30*m**2 - 89*m + 173. Give j(2).
115
Let c(m) = 8*m**2 + 127*m + 350. Give c(-13).
51
Let b(z) = 25*z - 119. What is b(5)?
6
Let q(m) = -33*m + 14. Determine q(-1).
47
Let q(d) = d**2 - 34*d - 2225. What is q(-33)?
-14
Let j(i) = -2*i**2 - 111*i - 1642. Determine j(-20).
-222
Let h(g) = -37*g + 762. Calculate h(20).
22
Let f(l) = 405*l + 2858. Determine f(-7).
23
Let q(v) = 31*v + 681. What is q(-22)?
-1
Let p(c) = -220*c + 7. Give p(1).
-213
Let i(w) = -3*w**3 - 9*w**2 - 5*w - 8. Give i(-4).
60
Let x(r) = -r**2 - 95*r - 1391. Calculate x(-77).
-5
Let i(w) = 14*w - 548. Calculate i(39).
-2
Let z(h) = -h**2 + 18*h - 90. Give z(7).
-13
Let m(p) = -31*p - 477. Determine m(-15).
-12
Let n(j) = -j**3 - 2*j**2 - 4*j - 192. Give n(-8).
224
Let o(g) = -g**2 + 11*g + 101. Calculate o(17).
-1
Let p(k) = 3*k**2 + 223*k + 3077. Determine p(-56).
-3
Let f(w) = -7*w**2 - 22*w - 18. Determine f(-7).
-207
Let g(q) = q**3 + 19*q**2 - 2*q - 370. Calculate g(-5).
-10
Let g(b) = -b**3 + 26*b**2 + 20*b - 1143. Determine g(25).
-18
Let n(d) = -22*d**2 + 325*d - 130. Determine n(14).
108
Let t(i) = 2*i**3 + 23*i**2 + 13*i - 20. Calculate t(-9).
268
Let k(b) = -b**3 + 7*b**2 + 27*b + 1. What is k(-2)?
-17
Let j(f) = -29*f + 120. What is j(-9)?
381
Let t(d) = -159*d**3 - 163*d**2 - 3*d - 1. Give t(-1).
-2
Let m(d) = -29*d - 378. Calculate m(-17).
115
Let m(v) = 2*v**2 - 90*v - 210. What is m(40)?
-610
Let s(o) = -12*o**3 - 228*o**2 - 2*o - 62. What is s(-19)?
-24
Let g(y) = 3*y**2 + 225*y - 704. Calculate g(-78).
-2
Let r(c) = -618*c - 13599. What is r(-22)?
-3
Let w(f) = 26*f**2 + 284*f - 11. Calculate w(-11).
11
Let g(r) = -2*r**2 + 669*r + 58075. Determine g(406).
17
Let k(r) = -7*r**3 - 31*r**2 + 141*r + 4. Calculate k(4).
-376
Let r(m) = 106*m**2 - 101*m - 3. Determine r(-1).
204
Let i(x) = x**2 + 6*x + 86. Calculate i(-10).
126
Let y(s) = 5*s**2 + 138*s - 141. What is y(1)?
2
Let f(h) = -h**2 - 12553*h + 62791. Determine f(5).
1
Let i(u) = u**3 - 13*u**2 + 248*u - 3675. Determine i(14).
-7
Let w(i) = -65*i - 6776. Give w(-104).
-16
Let z(i) = -7*i - 245. What is z(-16)?
-133
Let q(o) = -277*o + 858. Determine q(3).
27
Let y(i) = -6*i**2 - 140*i + 82. What is y(-24)?
-14
Let o(z) = -4*z**2 - 727*z + 6062. Determine o(8).
-10
Let h(n) = n**3 + 103*n**2 - 3352*n + 252. Calculate h(-129).
-6
Let t(i) = -61*i**2 - 12*i - 10. Give t(-1).
-59
Let b(i) = -2*i**3 + 29*i**2 - 16*i + 92. Calculate b(14).
64
Let v(d) = -d**3 - 15*d**2 - 40*d + 12. Calculate v(-11).
-32
Let t(p) = -6*p**3 - 37*p**2 + p - 11. Give t(-5).
-191
Let l(o) = o**3 - 59*o**2 - 242*o + 1. Determine l(-4).
-39
Let j(n) = n**2 - 114*n + 2955. What is j(40)?
-5
Let j(t) = -t**3 + 10*t**2 - 16*t - 10. Calculate j(7).
25
Let a(p) = -2*p**3 + 26*p**2 + 22*p + 31. Calculate a(14).
-53
Let i(n) = -4*n + 41. What is i(37)?
-107
Let d(b) = -7135*b + 21407. What is d(3)?
2
Let v(a) = -a**3 + 75*a**2 + 248*a - 1024. What is v(78)?
68
Let r(o) = o**2 - 18*o - 32. Calculate r(17).
-49
Let a(x) = x**3 - 30*x**2 + 207*x + 90. Calculate a(19).
52
Let z(u) = u**3 - 29*u**2 - 61*u + 32. Calculate z(31).
63
Let j(n) = n - 50. What is j(13)?
-37
Let m(q) = 9*q + 166. Give m(-19).
-5
Let s(r) = 12*r + 105. Give s(-5).
45
Let a(p) = -1387*p - 4271. Calculate a(-3).
-110
Let s(d) = -26*d**3 - 4*d - 4. Calculate s(-1).
26
Let k(l) = -5*l**3 + 237*l**2 - 91*l - 136. Determine k(47).
5
Let a(r) = 2*r**3 + 10*r**2 + 7*r + 3. Calculate a(-4).
7
Let f(h) = -462*h - 737. Give f(-1).
-275
Let c(g) = g**2 + 19*g - 269. What is c(11)?
61
Let v(g) = 48*g**2 - 4*g + 1. What is v(-1)?
53
Let z(g) = g**2 - 44*g + 193. What is z(5)?
-2
Let l(s) = s**3 - 100*s**2 + 387*s - 290. Give l(96).
-2
Let a(f) = -921*f + 20253. What is a(22)?
-9
Let s(h) = 2136*h + 134566. Give s(-63).
-2
Let h(m) = -m**2 + 1538*m + 10837. Give h(-7).
22
Let w(r) = 244*r + 705. Determine w(-3).
-27
Let v(p) = -p**2 + 20*p - 96. What is v(9)?
3
Let z(m) = 40*m - 47. Calculate z(0).
-47
Let z(l) = l**3 + 33*l**2 - 154*l + 31. Give z(-37).
253
Let i(s) = s**3 + 9*s**2 - 11*s + 6. Calculate i(-9).
105
Let d(r) = 43*r + 924. Determine d(-21).
21
Let a(y) = -387*y - 6209. What is a(-16)?
-17
Let u(k) = 156*k - 2783. Calculate u(18).
25
Let v(d) = -d**2 + 33*d + 22. Determine v(33).
22
Let y(u) = -u**3 - 17*u**2 - 60*u + 29. What is y(-5)?
29
Let q(n) = -90*n + 1192. Give q(12).
112
Let d(u) = u**2 + 17*u + 74. What